 -i**3 + 6*i**2 - 5*i + 2. Suppose -w + 5 = -0*w. Calculate b(w).
2
Let b(l) = l**2 - 8*l - 10. Let m = -55 + 62. Calculate b(m).
-17
Let q(g) = -g - 9. Let w(o) = o**3 - 5*o**2 + 2*o + 3. Let d be w(4). Calculate q(d).
-4
Let l(r) = -r**3 - 4*r**2 + 7*r + 3. Let i = 23 - 28. What is l(i)?
-7
Let s = 6 + -9. Let g = 2 + 1. Let i(k) = -g + 6 - 4 - 2*k. Calculate i(s).
5
Suppose 0 = -3*x + m + 16, -3*x - 5*m + 0*m = -46. Let b(d) = d**2 - 8*d + 10. Calculate b(x).
3
Let h = -8 - -9. Let k(m) = m - 1. Let i(j) = j. Let p(g) = h*i(g) - 2*k(g). Give p(2).
0
Let q(a) be the first derivative of -3 - 1/4*a**4 - 3*a + 0*a**3 + a**2. What is q(2)?
-7
Suppose 4*q - 26 = r, -4*r - 4*q = -q + 28. Let o(y) = -y**2 - 10*y - 5. Give o(r).
-5
Let l(x) = -x**2 - 5*x - 3. Suppose 7*q + 135 = 93. Give l(q).
-9
Let w(l) be the third derivative of -l**6/120 + l**5/12 + l**3 - 2*l**2. Let m(g) = -g**3 + 9*g**2 + g - 4. Let x be m(9). What is w(x)?
6
Let j(c) = 4*c + 1. Let s(l) = -l + 6. Let n(z) = 6*z - 5. Let p be n(2). Let f be s(p). Give j(f).
-3
Let k(q) = -q**2 + 4*q + 7. Let s be k(5). Suppose -l - 6 = -s*l. Let d(y) = 3*y. Let h(u) = -u. Let p(w) = -6*d(w) - 17*h(w). Calculate p(l).
-6
Let i(b) = -8*b + 0 - 3 - 4 - b**3 + 1 + 9*b**2. Let r be i(8). Let z(u) = -5*u - 2*u**2 + 2 + u**2 + 1. Give z(r).
-3
Let l(y) = -6*y - 22. Let x be l(-4). Let q(p) be the third derivative of 0*p + p**x + 1/24*p**4 + 0*p**3 + 0 + 1/20*p**5. What is q(-1)?
2
Let d be ((-6)/4)/(1/2). Let z(r) = -r**2 - 4*r - 2. Suppose 3*x + 17 = -4*f, 0 = x + f + 2*f + 9. Let q(v) = v. Let k(w) = x*q(w) - z(w). What is k(d)?
8
Let s be ((-6)/(-10) - 1)/(144/(-300)). Let l(p) be the second derivative of 0 + 1/2*p**2 - 5/12*p**4 - s*p**3 - p - 1/20*p**5. Give l(-4).
5
Let u(c) = 0*c**2 + c**2 - 1 - 2430*c - 2*c**2 + 2431*c. Determine u(-3).
-13
Let s(l) = l - 8*l**2 + l**2 + 2*l**2 + 1 + l**3. Suppose 35 = 3*t + 4*i, -2*t - 2*t + 4*i = 0. Determine s(t).
6
Let r = 5 - 3. Suppose 4*z = 3*z + 3. Let o(w) = -w - 2 - w + 0*w + 2*w**r + w**z. Calculate o(-2).
2
Let m(n) be the third derivative of -n**4/12 - n**3/6 + 9*n**2. Suppose i = -3*g + 16, -2*g - 2*g + 3*i = -4. Calculate m(g).
-9
Let j(u) be the first derivative of -2*u**3/3 - u**2/2 - u - 8. Determine j(-2).
-7
Let j(s) = 2*s**2 + 4*s + 2. Suppose 0 = -4*o - 3*q - 6 - 0, -5*o - 4*q = 8. Let z be o/((-1)/((-2)/4)). Suppose -b = -z*b + 2. What is j(b)?
2
Let a(c) = -4*c + 1. Let y(d) = -d**2 + 6*d + 6. Suppose 5*i - 2*i - 5*x + 4 = 0, 2*i = 2*x + 4. Let j be y(i). Let f be (-15)/(-10) + j/(-2). Calculate a(f).
-7
Let q = -4 - -6. Suppose 5*w + 2*j = 4*j + 34, j = -q*w + 10. Suppose 0 = -t - t + w. Let n(d) = d**3 - 3*d**2 + 3*d - 1. Give n(t).
8
Let a(s) = -2 + 143*s - 142*s + 1. Calculate a(8).
7
Let d(o) = -o**3 - 7*o**2 + o - 3. Let q be d(-7). Let k = 9 + q. Let m(j) = 3*j**2 - 1. Determine m(k).
2
Let o = 5 + 3. Suppose -o - 7 = -3*p. Let d(x) = -5*x + 0 + 1 + 0*x**2 + x**2 + x. What is d(p)?
6
Let p(w) = -4*w**3. Let v be p(-1). Suppose -5*a - 2*f + 6 = -3*f, -2*a - v*f = -20. Let b(u) = -2*u + a + 0*u - 2*u**2 - 5 + 4. Give b(-2).
-3
Let q(b) = b**2 - 13*b + 9*b + 11*b. Calculate q(-6).
-6
Let f(k) = -k**3 + k**2 + k - 1. Suppose 3*u - 31 = -5*b, -u = u - 2*b + 6. Let w be f(u). Let t(h) = -2*h**2 - 4*h + 7*h - 1 + 3*h**2. What is t(w)?
-1
Let s = -21 - -24. Suppose 5*u = -2*h + 1, -5*u - 2*h = s*h - 10. Let c(t) = 17*t + 1. Calculate c(u).
-16
Let k(d) = d - 7. Suppose 5*t - 17 = 18. Let w be (t + -2)*(1 - 0). Give k(w).
-2
Let j(a) be the second derivative of -a**4/12 - 2*a**3/3 - a**2 + 3*a. Let f be (3/(-2))/(3/16*2). What is j(f)?
-2
Suppose 4 = -i + 5*i. Let w(u) = -2 + 0*u - u + 2*u + i. What is w(4)?
3
Let g = -37 - -25. Let t be (g/(-30))/((-1)/5). Let c(j) be the first derivative of j**4/4 + 2*j**3/3 - 2*j + 2. What is c(t)?
-2
Let y(q) = -q**2 + 2*q + 4. Let k be y(3). Let h(v) be the first derivative of -k + 1/3*v**3 - 1/2*v**2 + 3*v. Calculate h(0).
3
Let y(w) = -1. Let f(c) = -c - 1. Let t(r) = -f(r) + y(r). Give t(5).
5
Let o(g) be the first derivative of -g**4/4 + 2*g**3 - 5*g**2/2 - 3*g - 2. Let n be o(5). Let q(m) = m**2 + 2*m. Give q(n).
3
Let v = 14 + -11. Let a(y) = 1 + v*y + y + 0 - 3*y. Determine a(2).
3
Let w(j) be the third derivative of 2*j**4/3 - 9*j**2. What is w(1)?
16
Suppose -2*a - 7 = -5*y, 0*a - 3*a - 2*y = -18. Let m be 4/(-18) - a/(-18). Let h(o) = o. Give h(m).
0
Let i(m) = m**3 - 7*m**2 + 6*m + 2. Suppose -2*b = -n + 2*b + 18, -3*n = -2*b - 24. Determine i(n).
2
Let r(p) = p + 8. Suppose 0*m + 4*m = 0. Give r(m).
8
Let i(t) be the first derivative of -t**3 + t + t**2 + 1 - 1/12*t**4. Let b(q) be the first derivative of i(q). Determine b(-5).
7
Let h(o) = 2*o - 39. Let i be h(17). Let q(v) = 2*v + 22. Let w(t) = t + 11. Let f(z) = -6*q(z) + 13*w(z). Determine f(i).
6
Suppose 3*o - 5*o + 16 = 2*a, 3*a - 36 = -5*o. Let h = -4 + o. Let b be ((-12)/3 + h)*-1. Let l(j) = j**2 - 2*j + 1. Give l(b).
1
Let x(h) = h**3 + 6*h**2 + 4*h + 1. Let c be 1/3 - 186/18. Let u be 4/c + 184/(-40). Calculate x(u).
6
Let q(i) = -3 + 3 + i. Let k be q(3). Suppose g = -7 + k. Let y(d) = d**2 + 4*d - 4. Determine y(g).
-4
Let p(z) = 5*z - 1. Suppose -5*k = 5*d - 0*k + 5, -5*d - 10 = 4*k. Let x(q) = q. Let v(j) = d*x(j) + p(j). Give v(1).
-2
Let i(p) be the first derivative of -2*p**2 - 1. Let x(b) = -14*b**2 - b. Let u be x(-1). Let n = 12 + u. What is i(n)?
4
Let i(f) = f**3 - 3*f**2 - 2*f + 3. Let r be 0 + -3 + 12/2. Let t = 0 + 0. Suppose -2*c + r*c - 2 = t. What is i(c)?
-5
Let b(t) = -5 + 12 + t**2 - 7 + 3*t. Determine b(-2).
-2
Let a(f) be the first derivative of -9*f**2/2 + f - 7. Determine a(1).
-8
Let u(n) be the second derivative of -7*n**4/12 + n**3/2 - n**2/2 - 3*n + 7. What is u(2)?
-23
Let s(v) = 9*v - 21. Let g(k) = k - 2. Let w(j) = -21*g(j) + 2*s(j). Let q(a) = -a**3 - 9*a**2 + a + 8. Let o be q(-9). Calculate w(o).
3
Let t(l) = -l**2 - 8*l - 4. Let j be t(-7). Let v(w) = w**2 - 4*w + 2. Determine v(j).
-1
Let j(p) = -10*p**2 + 0*p - p**2 + p + 6*p**2. Let a be (-1)/(1/(1 + -3)). Suppose -7*m - 5 = -a*m. Give j(m).
-6
Let x(v) = -v**2 + 7*v + 11. Let y be x(8). Let r(h) = 4 + y*h**2 - 3*h - 5 + 4*h + 0*h. Determine r(1).
3
Suppose 16 = -0*i + 4*i. Let y(b) be the first derivative of b**4/4 - b**3 - 3*b**2 + 3*b + 1. Determine y(i).
-5
Let r be 4 + -1 - (-2 + 2). Suppose -y - 16 = r*y. Let p(u) = 2*u - 1. What is p(y)?
-9
Let z(s) be the third derivative of -1/4*s**4 - 4*s**2 + 0*s - 1/6*s**3 + 0. Determine z(1).
-7
Let p(x) be the second derivative of -x**6/180 + x**5/30 - x**3/3 - 3*x. Let m(y) be the second derivative of p(y). Give m(3).
-6
Let r(m) = -m**3 + 12*m**2 + m - 17. Let o be r(12). Let b(u) = -u**3 - 5*u**2 + u + 6. What is b(o)?
1
Let i(z) = -z + 7. Let l(q) = -q**2 - 5*q + 6. Let h be l(-5). Determine i(h).
1
Let w(k) = -6*k + 1. Let h = -51 - -50. Give w(h).
7
Let r(z) = 3 - 2*z**2 - 1 + 7*z - 4*z + 0*z**2. Let m be r(3). Let l(q) = q**3 + 7*q**2 + 4. Calculate l(m).
4
Let o(j) = -29*j**2 + 5*j - 9. Let p(f) = -7*f**2 + f - 2. Let r(q) = 2*o(q) - 9*p(q). Suppose 2*a - 4*a = -2. Determine r(a).
6
Let i be 3 + -2 + 15/(2 + 1). Let a(s) = s**2 - 5*s - 1. What is a(i)?
5
Suppose -2*c = 3*c. Let z(k) = k - 9. Calculate z(c).
-9
Let u(h) = 4*h - 1. Let p = -9 + 14. Suppose r - 24 = -5*t, -12 = 2*t - 5*r - 0*r. Suppose -5*d - 5 = -3*z - 4, -3 = -t*z + p*d. Give u(z).
7
Let r(j) = j**2 - 6*j - 4. Let n be r(6). Let v(p) = 4*p - 2. What is v(n)?
-18
Let z(p) be the first derivative of -5/6*p**3 + 1/60*p**5 - 2*p**2 + 1/8*p**4 - 2 + 0*p. Let u(s) be the second derivative of z(s). Calculate u(-4).
-1
Let u be 3*6*(-3 + 30/12). Let l(y) = y + 8. Determine l(u).
-1
Let v(y) be the first derivative of y**2/2 + 4*y - 2. What is v(3)?
7
Let o = -129 + 132. Let z(x) = -x - 2. Calculate z(o).
-5
Let l(w) = -w**2 - 6*w - 5. Let j be l(-6). Suppose 3*a - 18 = -0*a. Let p(c) = 1 + 3*c + a - c. Calculate p(j).
-3
Let f(t) be the first derivative of t**2 + 5. Suppose 4*j - 15 = j + 3*b, -5*j + 16 = 4*b. Calculate f(j).
8
Let u = 7 + -4. Suppose -5*a + 4*x + 50 = 0, -u*a + 6*x - x + 43 = 0. Let w(j) = j**3 - 7*j**2 + 5*j + 8. Let l be w(a). Let c(z) = z**2 + 1. Determine c(l).
5
Let v(r) = -33*r**3 + 11 - 8*r**2